1861631 composite?
False
Is 17287 prime?
False
Is 24499 prime?
True
Is 9311 a prime number?
True
Is 88459 composite?
True
Is 94799 a prime number?
False
Is 24481 composite?
False
Is 253187 prime?
False
Is 3019 composite?
False
Is 54358 composite?
True
Is 122279 prime?
True
Is 408962 a prime number?
False
Is 2053 composite?
False
Is 923 composite?
True
Is 28979 a prime number?
True
Is 107141 a composite number?
True
Is 120023 a prime number?
False
Is 11903 a composite number?
False
Is 2053 composite?
False
Is 4591 prime?
True
Is 171251 a composite number?
False
Is 744209 prime?
False
Is 359681 a composite number?
True
Is 1759 prime?
True
Is 13753 composite?
True
Is 101017 composite?
True
Is 43954 a composite number?
True
Is 4421 prime?
True
Is 315881 a composite number?
False
Is 343339 prime?
False
Is 32539 composite?
True
Is 1624349 prime?
True
Is 14431 composite?
False
Is 27659 a prime number?
False
Is 9173 a composite number?
False
Is 6901 composite?
True
Is 85991 a composite number?
False
Is 43417 a composite number?
True
Is 7261 a composite number?
True
Is 535949 composite?
True
Is 59951 a prime number?
True
Is 8941 a prime number?
True
Is 289717 prime?
True
Is 1099927 a prime number?
True
Is 121629 prime?
False
Is 5597201 a prime number?
True
Is 206909 composite?
False
Is 11483455 a composite number?
True
Is 354491 composite?
True
Is 11878 a composite number?
True
Is 276439 a composite number?
False
Is 40057 prime?
False
Is 34003 a prime number?
False
Is 12494 a prime number?
False
Is 92611 composite?
True
Is 198449 composite?
True
Is 741163 composite?
False
Is 1153211 a prime number?
True
Is 62783 composite?
True
Is 72262 a prime number?
False
Is 33697 a composite number?
True
Is 78077 composite?
True
Is 1072073 composite?
True
Is 1798111 a composite number?
True
Is 186097 a composite number?
False
Is 8353 a prime number?
True
Is 40867 prime?
True
Is 17519 prime?
True
Is 6737 prime?
True
Is 7773 prime?
False
Is 157867 composite?
False
Is 4045 a composite number?
True
Is 2068553 a prime number?
True
Is 24551 a prime number?
True
Is 2005 prime?
False
Is 1363 a composite number?
True
Is 436873 a composite number?
True
Is 7369 composite?
False
Is 475037 a prime number?
True
Is 48119 a prime number?
True
Is 1016237 prime?
True
Is 74411 a prime number?
True
Is 34823 composite?
True
Is 67765 a composite number?
True
Is 2173 prime?
False
Is 447427 prime?
True
Is 1251413 a prime number?
False
Is 1543 a composite number?
False
Is 9674965 a prime number?
False
Is 201281 a composite number?
False
Is 170801 a prime number?
True
Is 122861 prime?
True
Is 625117 a composite number?
True
Is 75289 a composite number?
False
Is 896507 composite?
True
Is 2579 a prime number?
True
Is 96377 a prime number?
True
Is 2093071 a prime number?
True
Is 2927 a composite number?
False
Is 9509 prime?
False
Is 2477 prime?
True
Is 584203 a composite number?
False
Is 5488822 prime?
False
Is 815 a composite number?
True
Is 4283 a prime number?
True
Is 58697 a composite number?
True
Is 108733 a composite number?
True
Is 12319 a prime number?
False
Is 145897 composite?
False
Is 1639083 a composite number?
True
Is 5045191 prime?
True
Is 5839 prime?
True
Is 1391 a prime number?
False
Is 27569 a prime number?
False
Is 409909 prime?
True
Is 18419 a composite number?
True
Is 8419 a composite number?
False
Is 29683 prime?
True
Is 26309 a prime number?
True
Is 1561513 a prime number?
False
Is 11183 a composite number?
True
Is 5981 a composite number?
False
Is 25867 a composite number?
False
Is 726679 a composite number?
False
Is 504962 a prime number?
False
Is 144283 composite?
True
Is 176173 prime?
False
Is 144766 prime?
False
Is 138122 a composite number?
True
Is 75155 prime?
False
Is 1369171 a prime number?
False
Is 41461 a composite number?
True
Is 185737 composite?
False
Is 27179 a composite number?
False
Is 469 prime?
False
Is 9311 a composite number?
False
Is 4441 a prime number?
True
Is 15901 a composite number?
False
Is 27329 composite?
False
Is 1111231 a composite number?
True
Is 4391 composite?
False
Is 871303 a prime number?
True
Is 333841 prime?
False
Is 82743 prime?
False
Is 9733 a prime number?
True
Is 26309 prime?
True
Is 27889 composite?
True
Is 1681 a prime number?
False
Is 119855 composite?
True
Is 4083 a prime number?
False
Is 1631989 prime?
True
Is 3631 prime?
True
Is 191 a composite number?
False
Is 17011 prime?
True
Is 57263 prime?
False
Is 97894 composite?
True
Is 260761 a composite number?
False
Is 152717 a composite number?
False
Is 84599 composite?
True
Is 125011 a composite number?
True
Is 603347 prime?
False
Is 24587 a prime number?
False
Is 1583 composite?
False
Is 1823 a composite number?
False
Is 191053 a composite number?
True
Is 55411 a prime number?
True
Is 2184418 composite?
True
Is 633 a composite number?
True
Is 726301 composite?
False
Is 212669 prime?
True
Is 2102297 composite?
True
Is 731 a prime number?
False
Is 114377 a composite number?
False
Is 9151 a prime number?
True
Is 24281 prime?
True
Is 12517 a prime number?
True
Is 4699 a composite number?
True
Is 29941 prime?
False
Is 83773 a prime number?
True
Is 107791 a composite number?
False
Is 13093 a prime number?
True
Is 113417 a composite number?
False
Is 5779 composite?
False
Is 347977 composite?
True
Is 3387 a prime number?
False
Is 12743 a prime number?
True
Is 1121617 a prime number?
False
Is 106109 a prime number?
True
Is 270941 a composite number?
True
Is 63419 composite?
False
Is 130003 composite?
False
Is 863231 a prime number?
True
Is 1257 a prime number?
False
Is 13121 a composite number?
False
Is 668471 composite?
False
Is 1511585 a composite number?
True
Is 770493 a prime number?
False
Is 3613387 prime?
True
Is 291 composite?
True
Is 6319 a prime number?
False
Is 137143 composite?
False
Is 58018 a composite number?
True
Is 2815 composite?
True
Is 299603 a prime number?
True
Is 328019 a composite number?
True
Is 178949 a composite number?
True
Is 162586 a prime number?
False
Is 12226 prime?
False
Is 5997 prime?
False
Is 5485345 prime?
False
Is 1279 prime?
True
Is 9934 composite?
True
Is 1567159 a prime number?
False
Is 19807 a composite number?
True
Is 186551 a composite number?
False
Is 6143 a prime number?
True
Is 531638 a composite number?
True
Is 8369 prime?
True
Is 139553 a composite number?
True
Is 1206301 prime?
False
Is 8939 composite?
True
Is 23053 a composite number?
False
Is 36151 a prime number?
True
Is 16559 a prime number?
False
Is 2923 a composite number?
True
Is 52573 composite?
True
Is 2722 prime?
False
Is 804313 prime?
True
Is 195229 prime?
True
Is 14429 a prime number?
False
Is 22189 a composite number?
False
Is 115243 prime?
False
Is 869 prime?
False
Is 3239 composite?
True
Is 166163 composite?
True
Is 221393 prime?
True
Is 1783 a prime number?
True
Is 14939 a prime number?
True
Is 8561 a prime number?
False
Is 30669 a composite number?
True
Is 1110289 a prime number?
True
Is 416761 composite?
False
Is 18413 a prime number?
True
Is 1510273 composite?
False
Is 76631 prime?
True
Is 171293 a prime number?
True
Is 814141 a composite number?
True
Is 29663 prime?
True
Is 47737 a prime number?
True
Is 4321 a composite number?
True
Is 2590349 prime?
True
Is 42061 prime?
True
Is 19949 a composite number?
False
Is 69013 a prime number?
False
Is 22109 prime?
True
Is 14177 composite?
False
Is 136709 a prime number?
True
Is 9197 a prime number?
False
Is 1040447 a prime number?
True
Is 44353 prime?
False
Is 10663 a prime number?
True
Is 7829 composite?
False
Is 60121 a composite number?
True
Is 364447 a prime number?
True
Is 4529 a prime number?
False
Is 138121 composite?
True
Is 94429 composite?
True
Is 25649 prime?
False
Is 575797 a prime number?
False
Is 90941 a composite number?
True
Is 1123939 composite?
True
Is 3011 a prime number?
True
Is 11459 a prime number?
False
Is 557849 a prime number?
False
Is 2183 a prime number?
False
Is 20129 a prime number?
True
Is 59509 a composite number?
False
Is 7859 prime?
False
Is 39019 composite?
False
Is 577294 prime?
False
Is 6349 a composite number?
True
Is 13121 composite?
False
Is 265921 a prime number?
True
Is 919627 a prime number?
False
Is 4303 prime?
False
Is 54737 composite?
True
Is 3613 a composite number?
False
Is